 common factor of 197245 and 128305?
1915
Calculate the highest common divisor of 341138 and 59.
59
Calculate the highest common divisor of 312 and 38484.
12
Calculate the highest common factor of 852 and 708.
12
What is the greatest common factor of 9471 and 143?
11
Calculate the highest common divisor of 18538 and 2116.
46
What is the highest common factor of 916 and 72?
4
Calculate the greatest common factor of 9 and 21492.
9
Calculate the highest common factor of 3034 and 293521.
37
What is the highest common factor of 2156 and 37289?
49
What is the highest common factor of 10439 and 191698?
949
What is the greatest common divisor of 1240 and 5620?
20
Calculate the highest common factor of 30 and 5408580.
30
Calculate the highest common divisor of 47190 and 6690.
30
What is the greatest common divisor of 874 and 22040?
38
What is the greatest common factor of 125 and 9175?
25
Calculate the greatest common factor of 28 and 96922.
14
Calculate the greatest common factor of 11425 and 125.
25
Calculate the greatest common factor of 90 and 4410.
90
What is the greatest common divisor of 36 and 416142?
18
What is the highest common factor of 44 and 3032?
4
What is the highest common factor of 47820 and 120?
60
Calculate the highest common divisor of 25 and 211745.
5
Calculate the highest common divisor of 70917 and 154.
77
What is the greatest common divisor of 4144 and 43660?
148
What is the highest common factor of 204050 and 693?
77
Calculate the greatest common factor of 16 and 13859424.
16
What is the highest common divisor of 7195 and 35?
5
Calculate the highest common divisor of 66165 and 33.
33
What is the greatest common factor of 4482 and 4311?
9
Calculate the highest common divisor of 950 and 141325.
25
What is the highest common divisor of 120 and 430080?
120
What is the greatest common divisor of 75 and 45200?
25
Calculate the greatest common divisor of 2208 and 995532.
276
Calculate the highest common factor of 1832670 and 1890.
630
What is the greatest common divisor of 160 and 22947200?
160
What is the greatest common factor of 602960 and 240?
80
Calculate the greatest common divisor of 22 and 57145.
11
What is the greatest common factor of 5908 and 5697?
211
What is the greatest common divisor of 175571 and 163963?
1451
Calculate the highest common divisor of 93028 and 1248.
52
What is the greatest common divisor of 11569 and 26659?
503
Calculate the highest common factor of 1596600 and 90.
90
What is the highest common factor of 27379 and 33?
11
Calculate the highest common divisor of 12764 and 12.
4
Calculate the greatest common divisor of 2106 and 9594.
234
What is the highest common divisor of 70133 and 40775?
1631
What is the greatest common divisor of 2574 and 7150?
286
What is the highest common divisor of 1700873 and 184?
23
What is the greatest common divisor of 263146 and 3490?
698
What is the greatest common factor of 320 and 3920?
80
What is the greatest common factor of 197776 and 376?
376
What is the greatest common divisor of 864 and 9774?
54
What is the greatest common factor of 1218228 and 1452?
1452
Calculate the greatest common factor of 63801 and 2057.
17
Calculate the greatest common divisor of 207 and 2556.
9
What is the greatest common factor of 6665 and 19065?
155
Calculate the greatest common divisor of 7641 and 5943.
849
What is the highest common factor of 118551 and 17461?
919
Calculate the greatest common factor of 1156 and 833.
17
Calculate the greatest common divisor of 121 and 266079.
121
Calculate the greatest common factor of 20304 and 56964.
564
What is the highest common factor of 120 and 3012?
12
Calculate the greatest common divisor of 33665 and 115.
5
Calculate the highest common divisor of 14 and 1003485.
7
Calculate the greatest common factor of 65073 and 31719.
327
What is the highest common factor of 1 and 102367?
1
What is the highest common factor of 3225797 and 73?
73
Calculate the highest common factor of 7510 and 1510.
10
What is the highest common factor of 2982 and 12780?
426
Calculate the greatest common divisor of 426 and 82.
2
Calculate the greatest common factor of 80 and 4130.
10
Calculate the greatest common factor of 551 and 628691.
551
What is the highest common factor of 9030 and 5547?
129
What is the highest common divisor of 24898 and 1266?
422
What is the greatest common divisor of 2334640 and 40?
40
Calculate the highest common divisor of 308 and 950068.
28
Calculate the highest common factor of 27600 and 39480.
120
What is the greatest common factor of 45 and 19539?
9
Calculate the greatest common divisor of 12844 and 22646.
338
Calculate the greatest common factor of 513 and 387.
9
What is the highest common factor of 502 and 296933?
251
Calculate the highest common divisor of 7 and 472493.
7
What is the greatest common factor of 112 and 1117?
1
Calculate the highest common divisor of 8214 and 3848.
74
What is the greatest common divisor of 712572 and 22848?
1428
What is the highest common divisor of 1753590 and 6?
6
What is the greatest common divisor of 35 and 107265?
5
What is the greatest common divisor of 60 and 265380?
60
Calculate the highest common factor of 10027 and 851.
37
What is the greatest common divisor of 114 and 104158?
38
What is the greatest common divisor of 1133412 and 52269?
2751
What is the highest common factor of 528 and 245652?
132
Calculate the highest common divisor of 32 and 85584.
16
What is the greatest common divisor of 10411 and 99802?
359
What is the highest common factor of 166 and 180857?
83
Calculate the greatest common divisor of 2821 and 3185.
91
What is the greatest common divisor of 1240 and 624464?
248
What is the highest common factor of 3865 and 215?
5
Calculate the highest common factor of 588387 and 581.
83
What is the greatest common factor of 32961 and 6?
3
Calculate the highest common divisor of 360 and 63945.
45
Calculate the highest common factor of 454282 and 1182.
394
Calculate the highest common factor of 1399 and 10212700.
1399
Calculate the highest common divisor of 6955 and 1105.
65
What is the highest common factor of 1885 and 2030?
145
Calculate the highest common divisor of 1569 and 1.
1
What is the highest common divisor of 936 and 30546?
18
Calculate the highest common divisor of 4929 and 141360.
93
What is the greatest common factor of 413078 and 568?
142
Calculate the greatest common factor of 123 and 14883.
123
Calculate the greatest common factor of 713 and 299.
23
What is the greatest common factor of 7068 and 15276?
228
Calculate the greatest common divisor of 12 and 227508.
12
Calculate the greatest common factor of 2880 and 1856.
64
What is the greatest common divisor of 17071 and 688?
43
Calculate the highest common divisor of 70 and 1190.
70
What is the highest common divisor of 59860 and 20500?
820
What is the greatest common factor of 4341 and 3?
3
What is the greatest common divisor of 2574 and 737?
11
Calculate the greatest common factor of 414 and 4508.
46
What is the greatest common divisor of 16439 and 136?
17
Calculate the greatest common factor of 31588 and 5724.
212
Calculate the greatest common divisor of 25554 and 30.
6
Calculate the greatest common divisor of 465 and 101060.
155
Calculate the highest common divisor of 315 and 1200395.
35
Calculate the greatest common factor of 8 and 46588.
4
Calculate the greatest common factor of 592 and 1744.
16
What is the highest common factor of 19979 and 3?
1
Calculate the highest common factor of 2675 and 6925.
25
Calculate the highest common factor of 11130 and 89570.
530
Calculate the greatest common factor of 25 and 16075.
25
Calculate the highest common divisor of 11618 and 1702.
74
What is the highest common divisor of 2388 and 1254894?
1194
Calculate the greatest common divisor of 1296350 and 50.
50
Calculate the greatest common factor of 62662 and 1.
1
What is the highest common factor of 201950 and 15002?
1154
Calculate the highest common factor of 97 and 4.
1
Calculate the highest common factor of 27832 and 12638.
142
What is the greatest common divisor of 4774 and 21?
7
Calculate the greatest common factor of 1125 and 7389.
9
What is the highest common divisor of 360 and 270360?
360
What is the greatest common factor of 15301